135 = g. List the prime factors of y.
41
Let j = -30 - -68. Suppose 2*z - 24 = -2*x, -3*z + 0*x + j = 5*x. List the prime factors of z.
11
Suppose 5 = 2*u + 1. Let g be u - ((-1)/1)/1. Suppose -q = -g*x + 34, 24 + 1 = 5*q. What are the prime factors of x?
13
Let d = 73 - 46. List the prime factors of d.
3
Let s = 623 - 255. List the prime factors of (-16)/56 + s/14.
2, 13
Let q(j) = -j + 12. Let o(l) = l**3 - l**2 - 4*l + 1. Let f be o(3). What are the prime factors of q(f)?
5
Let d(v) be the first derivative of v**3/3 + 5*v**2 + 6*v - 2. Let a be d(-4). Let l = -13 - a. What are the prime factors of l?
5
What are the prime factors of 1/3 + 138/18?
2
Let t(w) = -143*w**3 - 2*w**2 + 2*w + 2. What are the prime factors of t(-1)?
3, 47
Let i be (-2)/(-10)*8*10. Suppose -6*k = -2*k - i. List the prime factors of k.
2
Let q be 15/10*4/(-6). Let b = 6 - q. List the prime factors of b.
7
Let t(u) = 38*u**2 - 4*u + 3. What are the prime factors of t(1)?
37
Let h be (-57 - 0)*(-6)/9. Suppose 4*d - h = 2*d + 3*i, 4*d + i - 62 = 0. List the prime factors of d.
2
Suppose 9*u - 17*u + 704 = 0. List the prime factors of u.
2, 11
Suppose -2*r + 28 = 2*r - 5*y, 4*r = -3*y - 4. Suppose 4*g - 38 = -0*z - r*z, z + 36 = 3*g. List the prime factors of g.
11
Let x(p) = 2*p**2 + 4*p - 1. Let d be x(-3). Suppose 0 = -d*y + 3*y. Suppose 3*r = -y*r + 12. List the prime factors of r.
2
Let p(m) = 18*m**2 - 2*m + 4. What are the prime factors of p(4)?
2, 71
Suppose 3*c = -o + 19, c = -2*c + 4*o + 44. Let a = c - 8. Suppose -s + a*s = -19. List the prime factors of s.
19
Let d = 13 - 22. Let z be (-1)/(((-12)/d)/(-4)). What are the prime factors of 0 - (-12)/z*2?
2
Suppose 0 = -4*c - 38 + 138. What are the prime factors of c?
5
Suppose -4*b - 6 = -2*f - 2, 3*b = 0. Suppose 0 = -f*u + 1 + 5, -3*v + 21 = 3*u. List the prime factors of v.
2
Let p = 75 - 183. Let a = -69 - p. List the prime factors of a.
3, 13
Let j(z) = -z**2 + 7*z - 7. Let h be j(5). Let t(n) = -n**h + 2 + 0 + 7*n + n - 7 + 4*n**2. What are the prime factors of t(5)?
2, 5
Let q be -2 - ((-3)/1 - -1). Suppose -k + 9 = -q*k. What are the prime factors of k?
3
Let n = -11 + 15. Suppose -n*d + 7*d = 12. List the prime factors of d.
2
Let p = -2 - -5. Suppose 2*g + 77 = 277. Suppose -p*b - g = -5*j, 5*j - 5*b - 20 = 80. List the prime factors of j.
2, 5
Let i(v) = v**3 - 25*v**2 + 48*v - 19. What are the prime factors of i(23)?
3
Let u be (-333)/12 - (-1)/(-4). Let h = u - -63. List the prime factors of h.
5, 7
Suppose -q + 49 = -f + 5, 1 = f. Suppose 2*w - q = -w. Suppose -5*c + 3 = d - c, -5*d = -3*c - w. What are the prime factors of d?
3
Let g be 2 - (3 - 1)*-27. Suppose -5*w + 2*h = -h - g, h + 23 = 2*w. List the prime factors of w.
13
List the prime factors of (-4)/10 + (-272)/(-5).
2, 3
Suppose 5*g - 124 = -4*n + 229, 4*g - 270 = 3*n. What are the prime factors of g?
3, 23
Let x(h) = -h + 1. Suppose t = -0 + 5. Suppose 8 = -2*b - 2*z, -z + 3 + 35 = -t*b. What are the prime factors of x(b)?
2
Suppose -2*f + 0*s - 30 = 4*s, 0 = -5*s - 10. Let x(h) = h**3 + 12*h**2 + 11*h + 2. List the prime factors of x(f).
2
Let q(z) = -67*z + 2. What are the prime factors of q(-4)?
2, 3, 5
What are the prime factors of (-15)/(-10)*(21 + 1)?
3, 11
Suppose 2*w = 3*w + 5*j - 9, 5*w = 5*j + 45. List the prime factors of w.
3
Let r = 3 + 4. Suppose -r*o + 22 = -5*o. List the prime factors of o.
11
Let o = 10 - -59. List the prime factors of o.
3, 23
Let y(p) = 9*p**3 + p**2 - p + 1. Suppose -8 - 3 = 5*m + 4*i, -4*m - 4*i = 12. What are the prime factors of y(m)?
2, 5
Let g = 2 + 3. Suppose 4*d - 5*k - 8 = g*d, 2*k + 14 = 5*d. Suppose d*c - 24 = -0*c. List the prime factors of c.
2, 3
Let g(o) = o**3 - o**2 - o + 10. Suppose 0 = 2*w - 6*w. List the prime factors of g(w).
2, 5
Let m(h) = -h**3 - h**3 + 7*h**3 + 1. Suppose -9 = -5*j + 2*b - 0*b, 2 = -b. What are the prime factors of m(j)?
2, 3
Suppose 2*t - 5*t + 12 = 0. Suppose 5*y = 3*c - 0*c - 7, 12 = t*c - 4*y. Suppose -31 = -c*k + 5*p + 17, 2*p = -3*k + 13. List the prime factors of k.
7
Suppose -130 - 40 = -5*l. Suppose -l = -4*r - 106. What are the prime factors of (14/3)/((-12)/r)?
7
Let k(n) = n - 5. Suppose 0*h = 3*h + 6, 3*z + 5*h = 11. List the prime factors of k(z).
2
Let b = 47 - 28. Let y = 15 + b. What are the prime factors of y?
2, 17
Suppose 0 = 5*i - 8 - 37. Let j be -3*(-6)/i - -11. Let g = j + -8. List the prime factors of g.
5
Let b be 4/12 - 214/(-6). List the prime factors of (-2)/9 - (-440)/b.
2, 3
List the prime factors of (567/2)/(-7)*8/(-6).
2, 3
Suppose -2*h + 4*f + 8 = -18, 0 = -2*h + 5*f + 29. Let o be (7/h)/(2/(-6)). Let x = o + 5. List the prime factors of x.
2
Let g be 2*-1 + 5 + 2. Let k = 11 - g. What are the prime factors of k?
2, 3
Suppose -30 = -3*w - 3*y + 39, -3*y = -w + 27. Let t = -10 + w. List the prime factors of t.
2, 7
Let g(s) = -s + 16. Let k = -23 - -36. What are the prime factors of g(k)?
3
Let z be -6*(-1)/(-2 + 0). Let s be ((-1)/z)/(2/30). Let g(r) = -r**3 + 4*r**2 + 6*r - 2. List the prime factors of g(s).
3
Suppose -10 = 5*a, 5*a + 8 = f + 54. Let d = f - -87. List the prime factors of d.
31
Suppose 53 = 5*u + 13. Let k be (u/3 + -2)*3. What are the prime factors of (-1 - 39/(-6))*k?
11
Suppose c = 2 - 1. Let z be (-11)/(c/(-1 - 0)). Suppose 3*x = -4*w + z + 2, -4*x + 5*w = -7. List the prime factors of x.
3
Let i = 10 + -7. Suppose -i = t - 0. What are the prime factors of 4/6*t*-3?
2, 3
Suppose f - 3*p = -16 + 97, 4*p = -2*f + 192. List the prime factors of f.
2, 3, 5
Suppose 4*o - 56 = 4. What are the prime factors of 186/o - (-6)/(-15)?
2, 3
Suppose -3*c = 6*r - 2*r - 41, -r = -c - 19. List the prime factors of 1 + 4 + r + -11.
2
Let z(w) = -w + 19. Let d be z(15). Suppose 0 = d*s - 66 - 46. What are the prime factors of s?
2, 7
Let z(x) = -x**2 - 6*x - 2. Let d(g) = 2*g + 7. Let p be d(-6). Let r be z(p). Suppose -31 - 5 = -r*q. List the prime factors of q.
2, 3
Let h = -61 + 103. Suppose 4*t + 5*c - 84 = 0, -2*t + 6*c + h = c. List the prime factors of t.
3, 7
Suppose -14*q - 310 = -19*q. List the prime factors of q.
2, 31
Let f be (-6)/21 + 6/21. Suppose -2*h - 6 + f = -3*l, 0 = -4*l + 5*h + 8. List the prime factors of l.
2
Let b(g) = -9*g - 4. Let n be b(-6). Suppose 5*l = n - 15. List the prime factors of l.
7
Let g = -61 + 148. List the prime factors of g.
3, 29
Suppose -3*k = -k - 12. Let l = k + -18. Let j = l - -19. What are the prime factors of j?
7
Let l(w) = 8*w**2 - 4*w + 7. List the prime factors of l(-3).
7, 13
Let v(x) be the first derivative of 4*x**2 + 5*x - 1. What are the prime factors of v(4)?
37
Suppose 2*v = -3*s - 3, -v + 1 = -s - 6*v. Let n be s + (2 - 1) + 3. Suppose -2*i + 55 = n*i. List the prime factors of i.
11
Let t(h) = -h**2 + 10*h + 6. List the prime factors of t(7).
3
Suppose 4*w + 5*c - 17 = 5*w, -3*c + 27 = 5*w. Let m be (w + -8)/1*-1. Suppose 1 = 2*h - 5*d - 27, -m*d = -h + 19. What are the prime factors of h?
3
Suppose -5*h = 164 + 56. Let i = -11 - h. List the prime factors of i.
3, 11
What are the prime factors of (-2)/(-13) - (-3535)/91?
3, 13
Let r(u) be the first derivative of -u**4/4 - u**3/3 + u**2/2 - 4*u + 2. What are the prime factors of r(-3)?
11
Let t(w) = w - 2. Let f be t(5). Suppose 0 = a + q - f + 5, -q - 14 = 3*a. List the prime factors of 40/15*a/(-4).
2
Let r = 36 - 20. Suppose -5*j = -4*u - 2*j, 4*j - r = 0. Suppose -3*t - 2*s + 28 = 0, 2*t + 6*s = u*s + 22. List the prime factors of t.
2
Let q be 2/(-1 - -3 - 3). List the prime factors of q + 12 + (-2 - -3).
11
Let q(r) = 3*r**2 + 19*r + 15. What are the prime factors of q(-9)?
3, 29
Suppose 3*q = -2*j + 7 - 4, -4*j - 4 = -4*q. Suppose 3*c - 82 = -2*o, o - 2*c - c - 23 = j. List the prime factors of o.
5, 7
Suppose 5*w + 2*m - 4 = 0, m + 3 - 5 = -5*w. Suppose -4*s + 62 + 66 = w. Suppose j - 5*j = -s. List the prime factors of j.
2
Suppose 0 = -3*o + 2*r + 15, -5*r - 3 = -4*r. Suppose -o*q + 36 = -69. What are the prime factors of q?
5, 7
Suppose -2*o - 17 = -4*x + 5, -2*o = 5*x - 5. Suppose 45 = -7*j + 2*j. Let k = o - j. What are the prime factors of k?
2
Let x(l) = -l**3 - l**2 - 5*l - 3. What are the prime factors of x(-3)?
2, 3, 5
Suppose 2 = 2*o - u, -o - 5*u + 15 - 3 = 0. Suppose 5*r - t + 4*t - 14 =